the remainder when (-6)/10 + 128/5 is divided by u?
12
Let p(g) = g**2 + 5*g. Let i be p(-8). Let y = i - -14. Calculate the remainder when y is divided by (13/3)/((-4)/(-12)).
12
Let o be 6/(-4)*(-4)/3. Let u be (1 - o)*(-6)/2. Suppose -5*j - k - 4*k = -70, 18 = 2*j - u*k. What is the remainder when 23 is divided by j?
11
Let w be (18/15)/(1/(-5)). Let m = 1 - 10. What is the remainder when (m/w)/((-6)/(-4)) is divided by 1?
0
Let l = 249 - 144. Let v(c) = -c**3 + 7*c**2 - 4*c - 3. Calculate the remainder when l is divided by v(5).
24
Suppose -5*n = -4*f + 27, 0 = 3*f - n - 6 - 17. Suppose f = 4*x - 0. What is the remainder when (1 - 0)/((-2)/(-4)) is divided by x?
0
Let h = -36 + 38. What is the remainder when 13 is divided by h?
1
Let x(k) = -k**2 - 6*k + 5. Calculate the remainder when 23 is divided by x(-5).
3
Let l(y) = 2*y**2 - 5*y + 9. Calculate the remainder when 39 is divided by l(4).
18
Let h(g) = -g**3 - 2*g**2 - 2. Let b be h(-2). What is the remainder when -4*(4 - b)*-1 is divided by 13?
11
Let h(z) = 2*z**2 + z - 2. Let x be (-78)/(-21) - (-2)/7. Suppose -4*i - s + 155 = -4*s, x*s = -4. What is the remainder when i is divided by h(-3)?
12
Suppose r - 2*r + 3 = 0. Suppose 4*f - r*x - 163 = 0, f + 5*x = 4 + 8. Calculate the remainder when f is divided by 20.
17
Let v(g) = -g - 2. Let m be v(-1). Let c(z) = -5*z. Calculate the remainder when c(m) is divided by 2.
1
Suppose 0 = -v + 6*v - 20. What is the remainder when 10/v*(-104)/(-4) is divided by 22?
21
Let y = 32 - 18. Let b(p) = -5*p - 4. Calculate the remainder when b(-6) is divided by y.
12
What is the remainder when 10 is divided by -1*3*(112/(-21) - -4)?
2
Let z(g) = -3 - g**3 + 34 + 3*g + 0*g - 2*g. Let h(i) = -i**3 - i**2 + 3*i + 2. What is the remainder when z(0) is divided by h(-3)?
9
Let l = 116 + -69. Calculate the remainder when l is divided by -1*1/1*-12.
11
Suppose 0 = 2*w + 3*w - 20. Suppose w*z - 3*p = 76, -5*z + 62 = -p - 33. Calculate the remainder when 37 is divided by z.
18
Let r be 13*-1 - 2 - 0. Let v = r + 30. Let n(l) = l**3 - 20*l**2 + 6. What is the remainder when v is divided by n(20)?
3
Calculate the remainder when (-3)/((-27)/120) - (-4)/6 is divided by 13.
1
Suppose -3*j + 2*c + 22 = -33, 4*c + 72 = 4*j. What is the remainder when j is divided by 5?
4
Suppose -o + n = -2, -5*o + 10 = 5*n - 50. Calculate the remainder when 24 is divided by o.
3
Let y(w) = -4*w**3 - 10 - 9*w**2 + 5*w**3 + 12*w - 4*w**2 + 4*w**2. What is the remainder when 42 is divided by y(8)?
20
Let h = -15 + 21. What is the remainder when 11 is divided by h?
5
Let v be 16/24*(-15)/2. Let f(u) = -10*u + 4. Calculate the remainder when f(v) is divided by 19.
16
Suppose 2*p + 2*p - 36 = 0. What is the remainder when (-2)/(-1)*(4 - -4) is divided by p?
7
Suppose 7*d = 8*d - 5. Calculate the remainder when 7 is divided by d.
2
Let f(x) = x**2 - 5*x - 4. Let p be f(6). What is the remainder when p/3 - 102/(-9) is divided by 5?
2
Calculate the remainder when 3*35/2 + 2/4 is divided by 18.
17
Let q = 22 + -6. Suppose 194 + 111 = 5*y. What is the remainder when y is divided by q?
13
Let s(a) = a**2 - 6*a + 2. Let g be s(3). Let f = g - -16. Calculate the remainder when 24 is divided by f.
6
Suppose 3*v - 2*x + 0*x - 28 = 0, 2*v - 22 = 3*x. Suppose -3*s = -s - v. Let u = 11 - 4. What is the remainder when u is divided by s?
3
Suppose c = 5*p + 114, 0*c = -c + p + 122. Suppose 2*s = -3*v - 82, s - c = 3*v + v. What is the remainder when (v/(-8))/((-3)/(-8)) is divided by 4?
2
Let l = -3 + 8. Let s(f) = f + 1. What is the remainder when s(7) is divided by l?
3
Suppose 85 - 316 = -4*u - 5*j, -3*u + j = -178. Let r(i) = i**2 + 3*i + 2. What is the remainder when u is divided by r(-6)?
19
Let i(r) = -r**3 + r**2 - r + 2. Let z be i(2). Let h(f) = -2*f - 9. Let p be h(-6). What is the remainder when ((-21)/z)/(p/8) is divided by 8?
6
Let n(v) = -v**2 + v**3 + v + 2 - 2 + 4. Let j be n(0). Calculate the remainder when 24 is divided by (26/j)/(8/16).
11
Let d(l) = -l**3 + 13*l**2 - 15*l + 9. What is the remainder when d(11) is divided by 44?
42
Let y = 21 + -7. Let b = -27 + 15. Let j = b + 39. What is the remainder when j is divided by y?
13
Suppose -1 = 3*a - 10. Calculate the remainder when 10 is divided by a.
1
Let i be (-1 - -4) + 10/2. Suppose -v + i + 8 = 0. What is the remainder when 45 is divided by v?
13
Let p(w) = 3*w**3 - 4*w**2 + 3*w + 1. Calculate the remainder when 35 is divided by p(2).
5
Suppose 45 + 3 = 2*n. Suppose 4*j - 198 = 4*b - 10, b = -4*j + 168. What is the remainder when j is divided by 25/(-20)*n/(-2)?
13
Let j = -5 + 13. Let t = 2 + 1. Suppose 5*y - t*c - 3 = 0, 0*c = 2*y + 2*c - 14. Calculate the remainder when j is divided by y.
2
Let j = 26 - 5. Calculate the remainder when 59 is divided by j.
17
Suppose 5*d = 3*u + 50, 2*u + 0*u + 3*d = -8. Let o(a) = a**3 + 9*a**2 - 11*a + 9. What is the remainder when o(u) is divided by 4/(-10) + 74/10?
5
Let m(x) = 18*x**3 - 2*x**2 + 1. Suppose 4*i - 20 = j + 3*j, 0 = 4*i - 2*j - 12. Let f = -47 + 96. Calculate the remainder when f is divided by m(i).
15
Let s = -9 + 13. Suppose 3*b - 34 = b. Suppose -m + s*w + b = 0, -m + w = -4*w - 17. Calculate the remainder when 50 is divided by m.
16
Suppose 2*y - 34 = 3*y - 4*c, 3*y = -5*c - 153. Let j = -14 - y. Suppose -b + 2*b - 1 = 5*z, 52 = 4*b + 4*z. Calculate the remainder when j is divided by b.
10
Let y = -59 + 72. Calculate the remainder when 49 is divided by y.
10
Suppose -n - 4 = 0, 6*n - 3*n = 3*v - 660. Suppose 14 + v = 5*p. Suppose -2*y + 40 = -c, -2*y - 3*c - 6 = -p. What is the remainder when y is divided by 7?
6
Let b = -96 + 143. What is the remainder when b is divided by 17?
13
Suppose q = 5*a + 30, q - 4*a - 66 = -4*q. What is the remainder when 18 is divided by q?
8
Let k = 49 + -9. Let l be (-1 - -20) + -1 + 1. Suppose -3*n + 2*n = -5*a + 67, 2*a - l = 3*n. What is the remainder when k is divided by a?
12
Suppose 4*q - 4 = -i + 4*i, -i - 1 = -q. Suppose i*f - f + 15 = 0. Calculate the remainder when f is divided by 8.
7
Let w(u) = u**2 + u + 6. What is the remainder when 154 is divided by w(-5)?
24
Let b = -6 + 26. What is the remainder when 179 is divided by b?
19
What is the remainder when 85 is divided by (-155)/(-7) + 1/(-7) + 0?
19
Let p = 110 - 60. Suppose 246 = 4*g + p. Calculate the remainder when g is divided by 13.
10
Suppose 2*u + 0*p - 2*p - 34 = 0, 0 = -5*u + 3*p + 89. Let o = -33 + 22. What is the remainder when u is divided by (-1 + (o - -2))/(-1)?
9
Let f(d) = 13*d - 3. Let t be f(2). Let c = t + -15. What is the remainder when (-4)/(-6) - (-43)/3 is divided by c?
7
Let c(j) = -2*j. Let z be c(-1). Suppose 2*p - 3*p = -z. What is the remainder when 7/2 - (-2)/4 is divided by p?
0
Let z = -99 + 119. Calculate the remainder when 197 is divided by z.
17
Let p(u) be the third derivative of -u**6/120 + u**5/10 + u**4/6 - 3*u**3/2 - 2*u**2. Calculate the remainder when 29 is divided by p(6).
14
Let y = 27 + -7. Suppose q + q = y. Calculate the remainder when 37 is divided by q.
7
Let f(n) = n**2 - n + 3. Calculate the remainder when f(5) is divided by 8.
7
Suppose 3*j - 405 = -2*j. Suppose 0*t + j = 3*t. What is the remainder when 53 is divided by t?
26
Let h = 60 + -37. What is the remainder when h is divided by 12?
11
Let c = 36 + -9. What is the remainder when 132 is divided by c?
24
Suppose -3*x + 4*x - 7 = 0. Let b(w) = -w + 10. Calculate the remainder when x is divided by b(5).
2
Calculate the remainder when -2 + (5 - 6/(-2)) is divided by 4.
2
Suppose -4 = -5*a + 4*n, -2*n - 3 = 2*a - 1. Suppose 0*h - h = a. Suppose 0 = -3*y - h*y + 117. Calculate the remainder when y is divided by 10.
9
Let t = -9 + 22. What is the remainder when 36 is divided by t?
10
Suppose s = -3*p + 1 + 10, 3*p - 8 = -4*s. Let k = 12 - 7. Suppose k*v = 3*v + 14. Calculate the remainder when v is divided by p.
3
Suppose 0 = -2*q + 7*q - 5. Calculate the remainder when 37 is divided by (-3 - (2 - 18))/q.
11
Let y = 28 + -9. What is the remainder when y is divided by 11?
8
Let v(n) = n. Let i be 33 - -1 - (11 + -8). Let j = i + -19. What is the remainder when j is divided by v(5)?
2
Let p = -116 - -172. Calculate the remainder when p is divided by 30.
26
Let g = 1 - 2. What is 